{"id":53,"date":"2024-02-13T22:26:27","date_gmt":"2024-02-13T21:26:27","guid":{"rendered":"https:\/\/ane-normand.fr\/?page_id=53"},"modified":"2024-02-18T23:31:37","modified_gmt":"2024-02-18T22:31:37","slug":"reglement-du-livre-genealogique-2","status":"publish","type":"page","link":"https:\/\/ane-normand.fr\/?page_id=53","title":{"rendered":"R\u00e8glement du livre g\u00e9n\u00e9alogique"},"content":{"rendered":"\n<p><strong>REGLEMENT DU LIVRE GENEALOGIQUE DE L\u2019\u00c2NE&nbsp;NORMAND<\/strong><\/p>\n\n\n\n<p><strong>&nbsp;Article 1<\/strong><\/p>\n\n\n\n<ul class=\"wp-block-list\">\n<li>Le pr\u00e9sent r\u00e8glement fixe les conditions d\u2019inscription au livre g\u00e9n\u00e9alogique de l\u2019Ane Normand ainsi que les normes de qualification applicables aux reproducteurs. Il est \u00e9tabli par la commission du livre g\u00e9n\u00e9alogique de l\u2019Association nationale de l\u2019\u00c2ne Normand. L&rsquo;\u00e9tablissement public \u00ab&nbsp;Institut fran\u00e7ais du cheval et l\u2019\u00e9quitation&nbsp;\u00bb (IFCE) est charg\u00e9 de son application.<\/li>\n<\/ul>\n\n\n\n<p><strong>Article 2<\/strong><\/p>\n\n\n\n<p>Le livre g\u00e9n\u00e9alogique de l\u2019Ane Normand comprend&nbsp;:<\/p>\n\n\n\n<p>1)&nbsp; Un r\u00e9pertoire des baudets approuv\u00e9s pour produire dans la race&nbsp;;<\/p>\n\n\n\n<p>2)&nbsp; Un r\u00e9pertoire des \u00e2nesses inscrites au livre g\u00e9n\u00e9alogique avec leurs produits&nbsp;;<\/p>\n\n\n\n<p>3)&nbsp; Une liste des naisseurs d\u2019\u00e2nes normands&nbsp;;<\/p>\n\n\n\n<p>4)&nbsp; Un registre des hongres.<\/p>\n\n\n\n<p>Lors de l\u2019\u00e9dition p\u00e9riodique du livre g\u00e9n\u00e9alogique, n\u2019apparaissent que les reproducteurs ayant eu un produit inscriptible au livre g\u00e9n\u00e9alogique dans la p\u00e9riode de r\u00e9f\u00e9rence ainsi que les hongres inscrits dans la m\u00eame p\u00e9riode.<\/p>\n\n\n\n<p><strong>Article 3<\/strong><\/p>\n\n\n\n<p>Sont seuls admis \u00e0 porter l\u2019appellation \u00ab&nbsp;Ane Normand&nbsp;\u00bb les animaux inscrits au livre g\u00e9n\u00e9alogique de l\u2019Ane Normand<\/p>\n\n\n\n<p><strong>Article 4<\/strong><\/p>\n\n\n\n<p>Les inscriptions au livre g\u00e9n\u00e9alogique de l\u2019Ane Normand se font au titre de l\u2019ascendance, au titre r\u00e9troactif ou \u00e0 titre initial.<\/p>\n\n\n\n<p><strong>&nbsp;VI-1 Inscription au titre de l\u2019ascendance<\/strong><\/p>\n\n\n\n<p><strong>Article 5<\/strong><\/p>\n\n\n\n<p>1)&nbsp; Sont inscrits automatiquement tous les produits n\u00e9s en France remplissant les conditions suivantes&nbsp;:<\/p>\n\n\n\n<p>a)&nbsp; Issus d\u2019une saillie r\u00e9guli\u00e8rement d\u00e9clar\u00e9e d\u2019un baudet approuv\u00e9&nbsp;;<\/p>\n\n\n\n<p>b)&nbsp; Ayant \u00e9t\u00e9 d\u00e9clar\u00e9s \u00e0 l\u2019IFCE dans les 15 jours qui suivent leur naissance,<\/p>\n\n\n\n<p>c)&nbsp; De robe bai dans toutes les nuances,&nbsp; \u00ab&nbsp;chocolat&nbsp;\u00bb ou noir pangar\u00e9 avec bande cruciale ;<\/p>\n\n\n\n<p>d)&nbsp; identifi\u00e9 conform\u00e9ment \u00e0 la l\u00e9gislation en vigueur&nbsp;;<\/p>\n\n\n\n<p>e)&nbsp; Ayant re\u00e7u un nom qui peut \u00eatre compos\u00e9 (ex&nbsp;: MODESTINE du verger), de moins de 21 caract\u00e8res, dont la premi\u00e8re lettre correspond \u00e0 l\u2019ann\u00e9e de naissance, \u00ab&nbsp;M&nbsp;\u00bb en 2022.<\/p>\n\n\n\n<p>f)&nbsp; Immatricul\u00e9s et enregistr\u00e9s au fichier central des \u00e9quid\u00e9s qui leur d\u00e9livre un document d\u2019identification et une carte d\u2019immatriculation.<\/p>\n\n\n\n<p>Le baudet, p\u00e8re du produit doit \u00eatre approuv\u00e9 pour la production en Ane Normand suivant les conditions fix\u00e9es \u00e0 l\u2019article 9 du pr\u00e9sent r\u00e8glement.<\/p>\n\n\n\n<p>L\u2019\u00e2nesse, m\u00e8re du produit \u00e2g\u00e9e d\u2019au moins trois ans l\u2019ann\u00e9e de la saillie doit, \u00e0 compter du 01 janvier 2007, \u00eatre confirm\u00e9e avant l\u2019immatriculation de son premier produit dans les conditions pr\u00e9vues \u00e0 l\u2019article 10 du pr\u00e9sent r\u00e8glement. Elle doit avoir \u00e9t\u00e9 soumise, \u00e0 cette m\u00eame date, \u00e0 un typage ADN avant l\u2019immatriculation de son premier produit.<\/p>\n\n\n\n<p><strong>VI-2 Inscription au titre r\u00e9troactif<\/strong><\/p>\n\n\n\n<p>Peuvent \u00eatre inscrits dans les m\u00eames conditions qu\u2019au premier alin\u00e9a 1, sur demande de leur propri\u00e9taire adress\u00e9e \u00e0 l\u2019Association Nationale de l\u2019Ane Normand, les animaux portant la seule appellation \u00ab&nbsp;Ane&nbsp;\u00bb ou \u00ab&nbsp;origine constat\u00e9e&nbsp;\u00bb du fait de l\u2019inscription ou de la confirmation de leur m\u00e8re post\u00e9rieurement \u00e0 leur propre immatriculation.<\/p>\n\n\n\n<p><strong>VI-3 Inscription \u00e0 titre initial<\/strong><\/p>\n\n\n\n<p><strong>Article 6<\/strong><\/p>\n\n\n\n<p><strong>1) <u>Animaux concern\u00e9s<\/u>&nbsp;:<\/strong><\/p>\n\n\n\n<p>Les animaux portant la seule appellation \u00ab&nbsp;Ane&nbsp;\u00bb ou \u00ab&nbsp;origine constat\u00e9e&nbsp;\u00bb ou les animaux d\u2019origine non constat\u00e9es, \u00e2g\u00e9s d\u2019au moins trois ans pour les m\u00e2les (entiers et hongres) et d\u2019au moins quatre ans pour les femelles. Les femelles doivent \u00eatre suit\u00e9es d\u2019un produit issu d\u2019un baudet normand.<\/p>\n\n\n\n<p>Tous les animaux doivent \u00eatre conformes au standard de la race et \u00eatre pr\u00e9sent\u00e9s devant la commission d\u2019approbation dans les conditions d\u00e9finies \u00e0 l\u2019annexe II du pr\u00e9sent r\u00e8glement.<\/p>\n\n\n\n<p>Pour les \u00e2nons, un contr\u00f4le de filiation compatible avec les ascendants d\u00e9clar\u00e9s est n\u00e9cesaire.<\/p>\n\n\n\n<p><strong>2) <u>Proc\u00e9dure d\u2019inscription<\/u>&nbsp;:<\/strong><\/p>\n\n\n\n<p>&nbsp;Le Propri\u00e9taire doit faire la demande d\u2019inscription \u00e0 l\u2019association Nationale de l\u2019Ane Normand<\/p>\n\n\n\n<p>&nbsp;L\u2019animal doit \u00eatre identifi\u00e9 conform\u00e9ment \u00e0 la r\u00e9glementation en vigueur.<\/p>\n\n\n\n<p>&nbsp;L\u2019animal doit \u00eatre pr\u00e9sent\u00e9 \u00e0 la commission nationale d\u2019approbation selon les conditions fix\u00e9es \u00e0 l\u2019annexe II. Un contr\u00f4le de filiation est n\u00e9cessaire pour l\u2019\u00e2non.<\/p>\n\n\n\n<p>La commission nationale d\u2019approbation confirme les femelles et inscrit les animaux strictement conformes au standard de la race et qui pr\u00e9sentent un int\u00e9r\u00eat&nbsp; particulier pour la conservation de la race.&nbsp; Il est possible, en cas d\u2019ajournement, de repr\u00e9senter le sujet une fois devant la commission, un an au moins apr\u00e8s le premier examen, en suivant la proc\u00e9dure ci-dessus.<\/p>\n\n\n\n<p><strong>Article 7<\/strong><\/p>\n\n\n\n<p><strong>Commission du livre g\u00e9n\u00e9alogique de l\u2019Ane Normand<\/strong><\/p>\n\n\n\n<p><strong>1)&nbsp; Composition&nbsp;:<\/strong> <strong><\/strong><\/p>\n\n\n\n<p>La composition de la commission du livre g\u00e9n\u00e9alogique se compose de la fa\u00e7on suivante&nbsp;:<\/p>\n\n\n\n<p>Le Pr\u00e9sident de l\u2019association Nationale de l\u2019Ane Normand ou son repr\u00e9sentant, Pr\u00e9sident&nbsp;;<\/p>\n\n\n\n<p>5 repr\u00e9sentants des \u00e9leveurs nomm\u00e9s par le Conseil d\u2019Administration de l\u2019Association Nationale de l\u2019Ane Normand sur proposition de la commission du livre g\u00e9n\u00e9alogique&nbsp;;<\/p>\n\n\n\n<p>Sur l\u2019initiative du Pr\u00e9sident, la commission peut inviter un agent de l\u2019IFCE ou s\u2019adjoindre d\u2019autres experts.<\/p>\n\n\n\n<p><strong>2)&nbsp; Missions&nbsp;:<\/strong><\/p>\n\n\n\n<p>La commission du livre g\u00e9n\u00e9alogique de l\u2019Ane Normand est charg\u00e9e&nbsp;:<\/p>\n\n\n\n<p>a)&nbsp; De formuler toute proposition relative \u00e0 l\u2019am\u00e9lioration de la race et de sa valorisation&nbsp;;<\/p>\n\n\n\n<p>b)&nbsp; De se prononcer sur les cas particuliers qui ont \u00e9t\u00e9 d\u00e9pos\u00e9s aupr\u00e8s de l\u2019IFCE&nbsp;;<\/p>\n\n\n\n<p>c)&nbsp; De tenir&nbsp; \u00e0 jour la liste des juges habilit\u00e9s \u00e0 juger dans la race.<\/p>\n\n\n\n<p>d)&nbsp; D\u2019\u00e9tablir le r\u00e8glement annuel des concours \u00e9preuves.&nbsp;<\/p>\n\n\n\n<p>e) &nbsp;D\u00e9finir les r\u00e8gles de tenue du livre et l&rsquo;orientation de la s\u00e9lection ou pr\u00e9servation<\/p>\n\n\n\n<p>Elle peut \u00eatre consult\u00e9e par le ministre charg\u00e9 de l\u2019agriculture sur toute question relative \u00e0 l\u2019\u00e9levage de l\u2019Ane Normand.<\/p>\n\n\n\n<p><strong>&nbsp; 3) R\u00e8gles de fonctionnement&nbsp;:<\/strong><\/p>\n\n\n\n<p>La commission se r\u00e9unit au moins une fois par an sur convocation \u00e9crite de son Pr\u00e9sident ou sur demande d\u2019au moins les deux tiers des membres. Si ses d\u00e9cisions ou recommandations ont un caract\u00e8re public, les d\u00e9lib\u00e9rations sont confidentielles. Les d\u00e9cisions sont valides d\u00e8s que le quorum atteint les deux tiers, et que la majorit\u00e9 simple est acquise. En cas de partage des voix, le pr\u00e9sident dispose d\u2019une voix pr\u00e9pond\u00e9rante.<\/p>\n\n\n\n<p>Elle peut se doter d\u2019un r\u00e8glement int\u00e9rieur.<\/p>\n\n\n\n<p>Elle peut d\u00e9l\u00e9guer certains de ses membres pour la repr\u00e9senter pour l\u2019exercice de ses missions.<\/p>\n\n\n\n<p><strong>Article 8<\/strong><\/p>\n\n\n\n<p>Commission nationale d\u2019approbation<\/p>\n\n\n\n<p>1)&nbsp; La composition de la commission nationale d\u2019approbation est identique \u00e0 celle de la commission du livre g\u00e9n\u00e9alogique. Sur l\u2019initiative du Pr\u00e9sident, la commission peut s\u2019adjoindre des experts.<\/p>\n\n\n\n<p>2)&nbsp; La commission nationale d\u2019approbation ne peut d\u00e9lib\u00e9rer valablement que si au moins trois repr\u00e9sentants des \u00e9leveurs sont pr\u00e9sents.<\/p>\n\n\n\n<p>3)&nbsp; La commission nationale d\u2019approbation examine les sujets satisfaisant aux conditions d\u2019acc\u00e8s \u00e0 cette commission. Elle statue sur les demandes d\u2019inscription \u00e0 titre initial. Elle prononce l\u2019approbation des baudets, la confirmation des \u00e2nesses ou leur ajournement. Les motifs d\u2019ajournement d\u2019un candidat ou d\u2019une candidate doivent figurer sur le proc\u00e8s- verbal sign\u00e9 de tous les membres de la commission. L\u2019ajournement d\u2019un candidat ou d\u2019une candidate est prononc\u00e9 pour une dur\u00e9e ne pouvant \u00eatre inf\u00e9rieure ou \u00e9gale \u00e0 un an.<\/p>\n\n\n\n<p><strong>VI-4 Approbation des baudets<\/strong><\/p>\n\n\n\n<p><strong>Article 9<\/strong><\/p>\n\n\n\n<p>A compter du 1<sup>er<\/sup> janvier 2016, pour \u00eatre approuv\u00e9s pour produire au sein du livre g\u00e9n\u00e9alogique de l\u2019\u00e2ne normand, les candidats baudets doivent&nbsp;:<\/p>\n\n\n\n<p><strong>&#8211;<\/strong> \u00eatre inscrits au livre g\u00e9n\u00e9alogique de l\u2019\u00c2ne Normand&nbsp;;<\/p>\n\n\n\n<p><strong>&#8211;<\/strong> pr\u00e9senter un r\u00e9sultat de d\u00e9pistage d\u00e9montrant que le candidat est non porteur de l\u2019all\u00e8le a<sup>NLP<\/sup> (bouchard) et non porteur de l\u2019all\u00e8le e (rouge)&nbsp;;<\/p>\n\n\n\n<p><strong>&#8211;<\/strong> avoir leur document d\u2019identification certifi\u00e9 conforme, leur carte d\u2019immatriculation \u00e0 jour et leur g\u00e9notype d\u00e9termin\u00e9&nbsp;;<\/p>\n\n\n\n<p><strong>&#8211;<\/strong> avoir fait l\u2019objet d\u2019une identification \u00e9lectronique compl\u00e9mentaire selon les modalit\u00e9s conformes \u00e0 la r\u00e9glementation&nbsp;;<\/p>\n\n\n\n<p><strong>&#8211;<\/strong> \u00eatre \u00e2g\u00e9s d\u2019au moins 3 ans pour la monte \u00e0 4 ans&nbsp;;<\/p>\n\n\n\n<p><strong>&#8211;<\/strong> avoir re\u00e7u&nbsp; un avis favorable de la commission nationale d\u2019approbation dans les conditions fix\u00e9es \u00e0 l\u2019annexe II,<\/p>\n\n\n\n<p><strong>&#8211;<\/strong>avoir satisfait aux tests du parcours \u00e9preuve avec une note sup\u00e9rieure \u00e0 12;<\/p>\n\n\n\n<p><strong>&#8211;<\/strong> dont les parents n\u2019ont pas d\u2019anc\u00eatres communs jusqu\u2019\u00e0 la deuxi\u00e8me g\u00e9n\u00e9ration.<\/p>\n\n\n\n<p><strong>&#8211;<\/strong> Une tol\u00e9rance de deux centim\u00e8tres est admise pour les animaux inscrits au titre de l\u2019ascendance pr\u00e9sentant un type et une conformation excellents.<\/p>\n\n\n\n<p><strong>VI-5 Confirmation des&nbsp; \u00e2nesses<\/strong><\/p>\n\n\n\n<p><strong>Article 10<\/strong><\/p>\n\n\n\n<p>A compter du 1<sup>er<\/sup> janvier 2007, pour \u00eatre confirm\u00e9es pour produire au sein du livre g\u00e9n\u00e9alogique de l\u2019\u00e2ne normand, les \u00e2nesses doivent&nbsp;:<\/p>\n\n\n\n<p><strong>&#8211;<\/strong> \u00eatre inscrites au livre g\u00e9n\u00e9alogique de l\u2019Ane Normand&nbsp;;<\/p>\n\n\n\n<p><strong>&#8211;<\/strong> avoir leur carte d\u2019immatriculation \u00e0 jour&nbsp;;<\/p>\n\n\n\n<p><strong>&#8211;<\/strong> avoir fait l\u2019objet d\u2019une certification d\u2019identit\u00e9&nbsp;;<\/p>\n\n\n\n<p>-avoir fait l\u2019objet d\u2019une identification \u00e9lectronique selon de modalit\u00e9s conformes \u00e0 la r\u00e9glementation&nbsp;;<\/p>\n\n\n\n<p><strong>&#8211;<\/strong> \u00eatre \u00e2g\u00e9es d\u2019au moins 3 ans&nbsp;;<\/p>\n\n\n\n<p><strong>&#8211;<\/strong> avoir re\u00e7u un avis favorable de la commission nationale d\u2019approbation dans les conditions fix\u00e9es \u00e0 l\u2019annexe II.<\/p>\n\n\n\n<p><strong>&#8211;<\/strong> Une tol\u00e9rance de deux centim\u00e8tres est admise pour les animaux inscrits au titre de l\u2019ascendance pr\u00e9sentant un type et une conformation excellents.<\/p>\n\n\n\n<p>L\u2019avis de la commission nationale d\u2019approbation sera mentionn\u00e9 sur le document d\u2019identification. La confirmation fera l\u2019objet de l\u2019\u00e9dition d\u2019un document d\u2019\u00e9valuation.<\/p>\n\n\n\n<p>Les \u00e2nesses ajourn\u00e9es restent inscrites au livre g\u00e9n\u00e9alogique de l\u2019\u00e2ne normand.<\/p>\n\n\n\n<p><strong>Article 11<\/strong><\/p>\n\n\n\n<p><strong>Ins\u00e9mination artificielle<\/strong><\/p>\n\n\n\n<p>Les produits issus de l\u2019utilisation de semence congel\u00e9e sont inscriptibles au livre g\u00e9n\u00e9alogique de l\u2019\u00e2ne normand ainsi que les produits issus d\u2019ins\u00e9mination artificielle fra\u00eeche ou r\u00e9frig\u00e9r\u00e9e ou de transfert d\u2019embryon. Notons qu\u2019\u00e0 ce jour, ces m\u00e9thodes ne sont pas accessibles car ne fonctionnant pas pour les asins.<\/p>\n\n\n\n<p><strong>Article 12<\/strong><\/p>\n\n\n\n<p><strong>Autres techniques de reproduction<\/strong><\/p>\n\n\n\n<p>Les produits issus du clonage ou ayant fait l\u2019objet de modifications g\u00e9n\u00e9tiques ne sont pas inscriptibles au livre g\u00e9n\u00e9alogique de l\u2019\u00e2ne normand.<\/p>\n\n\n\n<p><strong>Article 13<\/strong><\/p>\n\n\n\n<p>Les examens d\u2019animaux, l\u2019instruction de dossiers individuels, l\u2019inscription \u00e0 titre initial, l\u2019approbation des baudets et la confirmation des \u00e2nesses peuvent se faire \u00e0 titre on\u00e9reux au profit de l\u2019association Nationale de l\u2019Ane Normand selon un bar\u00e8me \u00e9tabli chaque ann\u00e9e par le conseil d\u2019administration de l\u2019association.<\/p>\n\n\n\n<p><strong>Article 14<\/strong><\/p>\n\n\n\n<p>Les animaux inscrits aux livres A et B ant\u00e9rieurement \u00e0 la publication du pr\u00e9sent r\u00e8glement sont int\u00e9gr\u00e9s dans le livre unique.<\/p>\n\n\n\n<p><strong>ANNEXE I<\/strong><\/p>\n\n\n\n<p><strong>STANDARD DE L\u2019ANE NORMAND<\/strong><\/p>\n\n\n\n<p>Taille&nbsp;: 1,10m \u00e0 1,25m \u00e0 3 ans (m\u00e2le et femelle)<br>Robe&nbsp;: Bai dans toutes ses nuances, \u00ab&nbsp;chocolat&nbsp;\u00bb ou noir pangar\u00e9 avec bande cruciale &nbsp;bien visible raie de mulet et bande scapulaire avec ou sans z\u00e9brures sur les membres, toute autre robe \u00e9tant exclue.<br>Queue&nbsp;: Identique \u00e0 la robe<br>Ventre&nbsp;: Gris blanc, incluant l\u2019ars, l\u2019aine et l\u2019int\u00e9rieur des cuisses.<br>T\u00eate&nbsp;: Rectiligne, bien attach\u00e9e sur l\u2019encolure, de la couleur de la robe jusqu\u2019\u00e0 mi-chanfrein, de couleur gris blanc dessous (nez de biche)<br>Oreilles&nbsp;: Il est souhaitable que l\u2019int\u00e9rieur des oreilles soit plus clair que la robe avec un port vertical<br>\u0152il&nbsp;: Grand, portant lunettes gris blanc, parfois cern\u00e9 de roux, arcades l\u00e9g\u00e8res et regard vif<br>Encolure&nbsp;: Forte, de longueur moyenne, \u00e9quilibr\u00e9e avec l\u2019arri\u00e8re main et greff\u00e9e \u00e0 la hauteur de la ligne m\u00e9diane du corps<br>Poitrail&nbsp;: Ouvert<br>Dos&nbsp;: Tendu et muscl\u00e9&nbsp;<br>Rein&nbsp;: Large, muscl\u00e9<\/p>\n\n\n\n<p>Arri\u00e8re Main&nbsp;: ronde et \u00e9paisse<br>Membres&nbsp;: Solides, aux articulations fortes et nettes avec des canons courts. Sabots larges.<\/p>\n\n\n\n<p>Remarque&nbsp;: Les \u00e2nes pr\u00e9sentant le nez, le tour de l\u2019\u0153il ainsi que le ventre de la m\u00eame couleur que la robe ne sont pas admis.<\/p>\n\n\n\n<p><strong>VI-6 PRESENTATION EN COMMISSION NATIONALE D\u2019APPROBATION<\/strong><\/p>\n\n\n\n<p><strong>ANNEXE II<\/strong><\/p>\n\n\n\n<p><strong>&#8211;<\/strong> L\u2019inscription \u00e0 titre initial, la confirmation, se font pendant le concours de s\u00e9lection pour le National<\/p>\n\n\n\n<p>&nbsp;<strong>&#8211;<\/strong>&nbsp; l\u2019approbation des baudets est&nbsp; prononc\u00e9e \u00e0 l\u2019occasion du National de la race<\/p>\n\n\n\n<p>&nbsp;<strong>&#8211;<\/strong> exceptionnellement, la commission d\u2019approbation peut se r\u00e9unir en dehors de cette date sur proposition motiv\u00e9e d\u2019un de ses membres.<\/p>\n\n\n\n<p><strong>&#8211;<\/strong>&nbsp; Modalit\u00e9s&nbsp;: pr\u00e9sentation en main, sur le travers, et d\u00e9placement sur un triangle pour juger les allures. La pr\u00e9sentation s\u2019effectue \u00e0 deux personnes, la deuxi\u00e8me personne se tenant du m\u00eame c\u00f4t\u00e9 que le meneur devra s\u2019aider d\u2019une chambri\u00e8re ou d\u2019un fouet. Les m\u00e2les seront pr\u00e9sent\u00e9s avec un cave\u00e7on ou un bridon.<\/p>\n\n\n\n<p>&#8211;&nbsp; Toilettage&nbsp;: Les pieds seront par\u00e9s et graiss\u00e9s. Les \u00e2nes ne devront pas \u00eatre tondus ou ras\u00e9s. Les animaux dont l\u2019aspect corporel n\u2019est pas satisfaisant ne doivent pas \u00eatre pr\u00e9sent\u00e9s (pelade, trop gras, trop maigre\u2026)<\/p>\n\n\n\n<p>Le parcours \u00e9preuve se d\u00e9roule le jour du National.<\/p>\n\n\n\n<p>Il pr\u00e9c\u00e8de l\u2019examen du mod\u00e8le et allures.<\/p>\n\n\n\n<p>Il est obligatoire pour les m\u00e2les candidats \u00e0 l\u2019approbation.<\/p>\n\n\n\n<p><strong><em>Parcours \u00e9preuve<\/em><\/strong><strong><\/strong><\/p>\n\n\n\n<p>Il comprend un parcours de 10 tests. Une aide ext\u00e9rieure est tol\u00e9r\u00e9e (p\u00e9nalit\u00e9s). Tout mauvais traitement sera \u00e9liminatoire.<\/p>\n\n\n\n<p>Les tests sont&nbsp;:<\/p>\n\n\n\n<p>\u00b7&nbsp; Monter dans un camion<\/p>\n\n\n\n<p>\u00b7&nbsp; Donner les quatre pieds<\/p>\n\n\n\n<p>\u00b7&nbsp; Rester calme \u00e0 l\u2019attache<\/p>\n\n\n\n<p>\u00b7&nbsp; Franchissement d\u2019obstacles en main (7 tests au choix du jury dans la liste suivante)<\/p>\n\n\n\n<p>o&nbsp; B\u00e2che<\/p>\n\n\n\n<p>o&nbsp; Gu\u00e9<\/p>\n\n\n\n<p>o&nbsp; Petit pont<\/p>\n\n\n\n<p>o&nbsp; Lani\u00e8res<\/p>\n\n\n\n<p>o&nbsp; Branchages<\/p>\n\n\n\n<p>o&nbsp; Drapeau<\/p>\n\n\n\n<p>o&nbsp; Barres au sol<\/p>\n\n\n\n<p>o&nbsp; Reculer<\/p>\n\n\n\n<p>o&nbsp; Bande blanche<\/p>\n\n\n\n<p>o&nbsp; Tracteur (gyrophare et klaxon)<\/p>\n\n\n\n<p>o&nbsp; Zone de chantier.<\/p>\n\n\n\n<p>Note&nbsp;: Tout candidat doit obtenir une note sup\u00e9rieure \u00e0 12 sur 20 au parcours \u00e9preuve.<\/p>\n\n\n\n<p><strong>VII \u2013 Techniques de reproduction autoris\u00e9es<\/strong><\/p>\n\n\n\n<p>La reproduction est essentiellement assur\u00e9e par la monte naturelle (en main ou en libert\u00e9).<\/p>\n\n\n\n<p>Les autres techniques sont d\u00e9crites dans les articles 11 et 12 du r\u00e8glement du livre g\u00e9n\u00e9alogique.<\/p>\n","protected":false},"excerpt":{"rendered":"<p>REGLEMENT DU LIVRE GENEALOGIQUE DE L\u2019\u00c2NE&nbsp;NORMAND &nbsp;Article 1 Article 2 Le livre g\u00e9n\u00e9alogique de l\u2019Ane Normand comprend&nbsp;: 1)&nbsp; Un r\u00e9pertoire des baudets approuv\u00e9s pour produire dans la race&nbsp;; 2)&nbsp; Un r\u00e9pertoire des \u00e2nesses inscrites au livre g\u00e9n\u00e9alogique avec leurs produits&nbsp;; 3)&nbsp; Une liste des naisseurs d\u2019\u00e2nes normands&nbsp;; 4)&nbsp; Un registre des hongres. Lors de l\u2019\u00e9dition &hellip; <\/p>\n<p class=\"link-more\"><a href=\"https:\/\/ane-normand.fr\/?page_id=53\" class=\"more-link\">Continuer la lecture<span class=\"screen-reader-text\"> de &laquo;&nbsp;R\u00e8glement du livre g\u00e9n\u00e9alogique&nbsp;&raquo;<\/span><\/a><\/p>\n","protected":false},"author":1,"featured_media":0,"parent":0,"menu_order":0,"comment_status":"closed","ping_status":"closed","template":"","meta":{"footnotes":""},"class_list":["post-53","page","type-page","status-publish","hentry"],"_links":{"self":[{"href":"https:\/\/ane-normand.fr\/index.php?rest_route=\/wp\/v2\/pages\/53","targetHints":{"allow":["GET"]}}],"collection":[{"href":"https:\/\/ane-normand.fr\/index.php?rest_route=\/wp\/v2\/pages"}],"about":[{"href":"https:\/\/ane-normand.fr\/index.php?rest_route=\/wp\/v2\/types\/page"}],"author":[{"embeddable":true,"href":"https:\/\/ane-normand.fr\/index.php?rest_route=\/wp\/v2\/users\/1"}],"replies":[{"embeddable":true,"href":"https:\/\/ane-normand.fr\/index.php?rest_route=%2Fwp%2Fv2%2Fcomments&post=53"}],"version-history":[{"count":2,"href":"https:\/\/ane-normand.fr\/index.php?rest_route=\/wp\/v2\/pages\/53\/revisions"}],"predecessor-version":[{"id":62,"href":"https:\/\/ane-normand.fr\/index.php?rest_route=\/wp\/v2\/pages\/53\/revisions\/62"}],"wp:attachment":[{"href":"https:\/\/ane-normand.fr\/index.php?rest_route=%2Fwp%2Fv2%2Fmedia&parent=53"}],"curies":[{"name":"wp","href":"https:\/\/api.w.org\/{rel}","templated":true}]}}