{"id":9,"date":"2024-02-12T22:07:03","date_gmt":"2024-02-12T21:07:03","guid":{"rendered":"https:\/\/ane-normand.fr\/?page_id=9"},"modified":"2024-02-24T00:04:52","modified_gmt":"2024-02-23T23:04:52","slug":"presentation","status":"publish","type":"page","link":"https:\/\/ane-normand.fr\/?page_id=9","title":{"rendered":"Pr\u00e9sentation"},"content":{"rendered":"\n<p>&nbsp; Animal m\u00e9connu et pourtant pr\u00e9sent partout, il se fondait dans l\u2019indiff\u00e9rence g\u00e9n\u00e9rale.<\/p>\n\n\n\n<p>&nbsp; Critiqu\u00e9 par les uns et compris par les autres, qui peut se vanter de n\u2019avoir jamais employ\u00e9 le mot \u00ab \u00e2ne&nbsp;\u00bb avec d\u00e9rision. Les ma\u00eetres de nos \u00e9coles communales usaient du bonnet d\u2019\u00e2ne pour humilier leurs mauvais \u00e9l\u00e8ves et les d\u00e9signer \u00e0 la vindicte de leurs cong\u00e9n\u00e8res.<\/p>\n\n\n\n<p>&nbsp; Notre plantureuse Normandie nous fait retrouver un paysage de bocage avec ses herbages plant\u00e9s de pommiers, de poiriers et cern\u00e9s de haies, ses fermes \u00e0 colombages.<\/p>\n\n\n\n<p>&nbsp; Ici le cheval est roi&nbsp;! Il vit retir\u00e9 dans son domaine priv\u00e9 des Haras. Mais nous, ses cousins au, soit disant, sang moins pur, permettons, en humbles serviteurs, avec nos amies les vaches normandes, le r\u00e9gal de nos camarades humains.<\/p>\n\n\n\n<p>&nbsp; Nous sommes les fid\u00e8les compagnons de nos jolies laiti\u00e8res appel\u00e9es plus commun\u00e9ment chez nous \u00ab&nbsp;triolettes&nbsp;\u00bb.<\/p>\n\n\n\n<p>\u00a0 Dans les petites exploitations agricoles, nombreuses dans le pays au d\u00e9but du XXe si\u00e8cle, le paysan\u00a0 \u00e9quipe son \u00e2ne d\u2019un b\u00e2t appel\u00e9 aussi \u00ab\u00a0panneau\u00a0\u00bb en peau de cochon, charg\u00e9 de \u00ab\u00a0cannes\u00a0\u00bb \u00e0 lait en cuivre.<\/p>\n\n\n\n<figure class=\"wp-block-image size-full\"><img loading=\"lazy\" decoding=\"async\" width=\"1024\" height=\"768\" src=\"https:\/\/ane-normand.fr\/wp-content\/uploads\/2024\/02\/normande-1930.png\" alt=\"\" class=\"wp-image-140\" srcset=\"https:\/\/ane-normand.fr\/wp-content\/uploads\/2024\/02\/normande-1930.png 1024w, https:\/\/ane-normand.fr\/wp-content\/uploads\/2024\/02\/normande-1930-300x225.png 300w, https:\/\/ane-normand.fr\/wp-content\/uploads\/2024\/02\/normande-1930-768x576.png 768w\" sizes=\"auto, (max-width: 767px) 89vw, (max-width: 1000px) 54vw, (max-width: 1071px) 543px, 580px\" \/><\/figure>\n\n\n\n<p>&nbsp; Nous transportons le pr\u00e9cieux nectar lact\u00e9 que nos amies \u00e0 longues cornes ont distill\u00e9 dans le p\u00e2turage. Et, pendant que les laiti\u00e8res jacassent, discr\u00e8tement, nous croquons une bonne pomme juteuse.<\/p>\n\n\n\n<p>&nbsp; Ce d\u00e9licieux lait peut-\u00eatre livr\u00e9 \u00e0 domicile au gens du voisinage, mais sert surtout \u00e0 la fabrication d\u2019un beurre renomm\u00e9 au l\u00e9ger go\u00fbt de noisette, le fameux beurre d\u2019Isigny et de nos fromages en Pays d\u2019Auge&nbsp;: le Camenbert, le Livarot, le Pont l\u2019Ev\u00eaque.<\/p>\n\n\n\n<p>&nbsp; En Pays de Caux, l\u2019\u00e2ne normand est souvent attel\u00e9 \u00e0 une \u00ab&nbsp;godaine&nbsp;\u00bb. La contenance de ce \u00ab&nbsp; bidon&nbsp;g\u00e9ant sur roue&nbsp;\u00bb varie selon l\u2019importance de la ferme.<\/p>\n\n\n\n<p>&nbsp; Les hommes nous utilisent pour les corv\u00e9es de foin.&nbsp; Attel\u00e9s \u00e0 une \u00ab&nbsp;fourrag\u00e8re&nbsp;\u00bb, nous transportons le fourrage qui nourrit tout l\u2019hiver les animaux de l\u2019exploitation. B\u00e2t\u00e9s, nous accompagnons la fermi\u00e8re qui distribue une \u00ab&nbsp;collation&nbsp;\u00bb suivie d\u2019un verre de cidre bouch\u00e9, \u00e0 ses \u00ab&nbsp;gens de corv\u00e9e&nbsp;\u00bb. N\u2019oublions pas que la Normandie est par excellence le pays de la pomme et du \u00ab&nbsp;Calvados&nbsp;\u00bb&nbsp;!<\/p>\n\n\n\n<p>&nbsp; Le long du littoral, les herbages s\u2019effacent au profit des falaises crayeuses de la C\u00f4te d\u2019Alb\u00e2tre, des gr\u00e8ves de la C\u00f4te de Nacre et de la C\u00f4te Fleurie et des anses rocheuses du Cotentin&nbsp; qui nous font d\u00e9j\u00e0 penser \u00e0 la Bretagne toute proche.<\/p>\n\n\n\n<p>&nbsp; Ici, nous escortons nos ma\u00eetres et nos ma\u00eetresses jusqu\u2019au march\u00e9 pour y vendre nos fameuses carottes de Cr\u00e9ances, nos poireaux de Carentan, nos navets, nos oignons ou encore nos&nbsp; choux.<\/p>\n\n\n\n<p>&nbsp; La nostalgie fait faire des prouesses, les concours, les f\u00eates, font revivre les vieux m\u00e9tiers, les l\u00e9gendes, les contes\u2026<\/p>\n\n\n\n<p>&nbsp; Cet animal est un exemple d\u2019\u00e9quilibre, de s\u00e9r\u00e9nit\u00e9. Sa douceur, son calme sont autant de bienfaits pour les gens stress\u00e9s. De nos jours, il est principalement utilis\u00e9 dans le domaine du loisir et du tourisme.<\/p>\n\n\n\n<p>\u00a0 Aujourd\u2019hui, l\u2019homme \u00e9prouve le besoin de retrouver ses racines.<\/p>\n\n\n\n\n\n<p>&nbsp; Les randonn\u00e9es d\u2019\u00e2nes b\u00e2t\u00e9s sont l\u2019occasion d\u2019un retour aux sources \u00e0 travers la nature et suscite la symbiose \u00ab&nbsp;\u00e2ne\/humain&nbsp;\u00bb.<\/p>\n\n\n\n<p>&nbsp; Animal polyvalent, il peut \u00eatre aussi attel\u00e9.<\/p>\n\n\n\n<p>&nbsp; Dans les comp\u00e9titions sportives, des attelages s\u2019affrontent dans des concours de maniabilit\u00e9, \u00e9preuve de marathon chronom\u00e9tr\u00e9e etc\u2026 C\u2019est l\u2019occasion pour le couple complice \u00ab&nbsp;\u00e2ne\/meneur&nbsp;\u00bb, de d\u00e9montrer l\u2019intelligence, l\u2019ing\u00e9niosit\u00e9, la finesse, la r\u00e9flexion, l\u2019\u00e9coute, l\u2019esprit d\u2019\u00e0-propos de chacun.<\/p>\n\n\n\n<p>&nbsp; Cette race reconnue par le Minist\u00e8re de l\u2019agriculture le 20 Ao\u00fbt 1997 compte actuellement 1450 animaux. Chaque ann\u00e9e, une petite centaine d\u2019\u00e2nesses sont mises \u00e0 la&nbsp; reproduction.<\/p>\n\n\n\n<p>&nbsp; L\u2019\u00c2ne Normand doit imp\u00e9rativement \u00eatre de couleur bai \u00e0 bai-brun dit&nbsp; noir \u00ab&nbsp;pangar\u00e9&nbsp;\u00bb&nbsp;et avoir une bande scapulaire. Son ventre, son tour d\u2019\u0153il, son nez doivent \u00eatre gris-blanc. Enfin, il toise de 1m10 \u00e0 1m25 au garrot \u00e0 l\u2019\u00e2ge adulte.<\/p>\n\n\n\n<p>&nbsp; Le berceau de notre race se situe dans les trois d\u00e9partements de la Basse Normandie (Orne, Manche, Calvados),&nbsp; de l\u2019autre c\u00f4t\u00e9 de la Seine, les deux d\u00e9partements de la Haute Normandie (Eure et Seine Maritime) et deux d\u00e9partements des Pays de Loire (Mayenne et Sarthe). &nbsp; Tous les ans, nos \u00e2nes normands sont pr\u00e9sents dans diff\u00e9rentes manifestations locales et au Salon de l\u2019Agriculture \u00e0 Paris.<\/p>\n","protected":false},"excerpt":{"rendered":"<p>&nbsp; Animal m\u00e9connu et pourtant pr\u00e9sent partout, il se fondait dans l\u2019indiff\u00e9rence g\u00e9n\u00e9rale. &nbsp; Critiqu\u00e9 par les uns et compris par les autres, qui peut se vanter de n\u2019avoir jamais employ\u00e9 le mot \u00ab \u00e2ne&nbsp;\u00bb avec d\u00e9rision. Les ma\u00eetres de nos \u00e9coles communales usaient du bonnet d\u2019\u00e2ne pour humilier leurs mauvais \u00e9l\u00e8ves et les d\u00e9signer &hellip; <\/p>\n<p class=\"link-more\"><a href=\"https:\/\/ane-normand.fr\/?page_id=9\" class=\"more-link\">Continuer la lecture<span class=\"screen-reader-text\"> de &laquo;&nbsp;Pr\u00e9sentation&nbsp;&raquo;<\/span><\/a><\/p>\n","protected":false},"author":1,"featured_media":0,"parent":0,"menu_order":0,"comment_status":"closed","ping_status":"closed","template":"","meta":{"footnotes":""},"class_list":["post-9","page","type-page","status-publish","hentry"],"_links":{"self":[{"href":"https:\/\/ane-normand.fr\/index.php?rest_route=\/wp\/v2\/pages\/9","targetHints":{"allow":["GET"]}}],"collection":[{"href":"https:\/\/ane-normand.fr\/index.php?rest_route=\/wp\/v2\/pages"}],"about":[{"href":"https:\/\/ane-normand.fr\/index.php?rest_route=\/wp\/v2\/types\/page"}],"author":[{"embeddable":true,"href":"https:\/\/ane-normand.fr\/index.php?rest_route=\/wp\/v2\/users\/1"}],"replies":[{"embeddable":true,"href":"https:\/\/ane-normand.fr\/index.php?rest_route=%2Fwp%2Fv2%2Fcomments&post=9"}],"version-history":[{"count":2,"href":"https:\/\/ane-normand.fr\/index.php?rest_route=\/wp\/v2\/pages\/9\/revisions"}],"predecessor-version":[{"id":141,"href":"https:\/\/ane-normand.fr\/index.php?rest_route=\/wp\/v2\/pages\/9\/revisions\/141"}],"wp:attachment":[{"href":"https:\/\/ane-normand.fr\/index.php?rest_route=%2Fwp%2Fv2%2Fmedia&parent=9"}],"curies":[{"name":"wp","href":"https:\/\/api.w.org\/{rel}","templated":true}]}}

Présentation

<p>&nbsp; Animal méconnu et pourtant présent partout, il se fondait dans l’indifférence générale.</p>



<p>&nbsp; Critiqué par les uns et compris par les autres, qui peut se vanter de n’avoir jamais employé le mot « âne&nbsp;» avec dérision. Les maîtres de nos écoles communales usaient du bonnet d’âne pour humilier leurs mauvais élèves et les désigner à la vindicte de leurs congénères.</p>



<p>&nbsp; Notre plantureuse Normandie nous fait retrouver un paysage de bocage avec ses herbages plantés de pommiers, de poiriers et cernés de haies, ses fermes à colombages.</p>



<p>&nbsp; Ici le cheval est roi&nbsp;! Il vit retiré dans son domaine privé des Haras. Mais nous, ses cousins au, soit disant, sang moins pur, permettons, en humbles serviteurs, avec nos amies les vaches normandes, le régal de nos camarades humains.</p>



<p>&nbsp; Nous sommes les fidèles compagnons de nos jolies laitières appelées plus communément chez nous «&nbsp;triolettes&nbsp;».</p>



<p>  Dans les petites exploitations agricoles, nombreuses dans le pays au début du XXe siècle, le paysan  équipe son âne d’un bât appelé aussi « panneau » en peau de cochon, chargé de « cannes » à lait en cuivre.</p>



<figure class="wp-block-image size-full"><img loading="lazy" decoding="async" width="1024" height="768" src="https://ane-normand.fr/wp-content/uploads/2024/02/normande-1930.png" alt="" class="wp-image-140" srcset="https://ane-normand.fr/wp-content/uploads/2024/02/normande-1930.png 1024w, https://ane-normand.fr/wp-content/uploads/2024/02/normande-1930-300x225.png 300w, https://ane-normand.fr/wp-content/uploads/2024/02/normande-1930-768x576.png 768w" sizes="auto, (max-width: 767px) 89vw, (max-width: 1000px) 54vw, (max-width: 1071px) 543px, 580px" /></figure>



<p>&nbsp; Nous transportons le précieux nectar lacté que nos amies à longues cornes ont distillé dans le pâturage. Et, pendant que les laitières jacassent, discrètement, nous croquons une bonne pomme juteuse.</p>



<p>&nbsp; Ce délicieux lait peut-être livré à domicile au gens du voisinage, mais sert surtout à la fabrication d’un beurre renommé au léger goût de noisette, le fameux beurre d’Isigny et de nos fromages en Pays d’Auge&nbsp;: le Camenbert, le Livarot, le Pont l’Evêque.</p>



<p>&nbsp; En Pays de Caux, l’âne normand est souvent attelé à une «&nbsp;godaine&nbsp;». La contenance de ce «&nbsp; bidon&nbsp;géant sur roue&nbsp;» varie selon l’importance de la ferme.</p>



<p>&nbsp; Les hommes nous utilisent pour les corvées de foin.&nbsp; Attelés à une «&nbsp;fourragère&nbsp;», nous transportons le fourrage qui nourrit tout l’hiver les animaux de l’exploitation. Bâtés, nous accompagnons la fermière qui distribue une «&nbsp;collation&nbsp;» suivie d’un verre de cidre bouché, à ses «&nbsp;gens de corvée&nbsp;». N’oublions pas que la Normandie est par excellence le pays de la pomme et du «&nbsp;Calvados&nbsp;»&nbsp;!</p>



<p>&nbsp; Le long du littoral, les herbages s’effacent au profit des falaises crayeuses de la Côte d’Albâtre, des grèves de la Côte de Nacre et de la Côte Fleurie et des anses rocheuses du Cotentin&nbsp; qui nous font déjà penser à la Bretagne toute proche.</p>



<p>&nbsp; Ici, nous escortons nos maîtres et nos maîtresses jusqu’au marché pour y vendre nos fameuses carottes de Créances, nos poireaux de Carentan, nos navets, nos oignons ou encore nos&nbsp; choux.</p>



<p>&nbsp; La nostalgie fait faire des prouesses, les concours, les fêtes, font revivre les vieux métiers, les légendes, les contes…</p>



<p>&nbsp; Cet animal est un exemple d’équilibre, de sérénité. Sa douceur, son calme sont autant de bienfaits pour les gens stressés. De nos jours, il est principalement utilisé dans le domaine du loisir et du tourisme.</p>



<p>  Aujourd’hui, l’homme éprouve le besoin de retrouver ses racines.</p>





<p>&nbsp; Les randonnées d’ânes bâtés sont l’occasion d’un retour aux sources à travers la nature et suscite la symbiose «&nbsp;âne/humain&nbsp;».</p>



<p>&nbsp; Animal polyvalent, il peut être aussi attelé.</p>



<p>&nbsp; Dans les compétitions sportives, des attelages s’affrontent dans des concours de maniabilité, épreuve de marathon chronométrée etc… C’est l’occasion pour le couple complice «&nbsp;âne/meneur&nbsp;», de démontrer l’intelligence, l’ingéniosité, la finesse, la réflexion, l’écoute, l’esprit d’à-propos de chacun.</p>



<p>&nbsp; Cette race reconnue par le Ministère de l’agriculture le 20 Août 1997 compte actuellement 1450 animaux. Chaque année, une petite centaine d’ânesses sont mises à la&nbsp; reproduction.</p>



<p>&nbsp; L’Âne Normand doit impérativement être de couleur bai à bai-brun dit&nbsp; noir «&nbsp;pangaré&nbsp;»&nbsp;et avoir une bande scapulaire. Son ventre, son tour d’œil, son nez doivent être gris-blanc. Enfin, il toise de 1m10 à 1m25 au garrot à l’âge adulte.</p>



<p>&nbsp; Le berceau de notre race se situe dans les trois départements de la Basse Normandie (Orne, Manche, Calvados),&nbsp; de l’autre côté de la Seine, les deux départements de la Haute Normandie (Eure et Seine Maritime) et deux départements des Pays de Loire (Mayenne et Sarthe). &nbsp; Tous les ans, nos ânes normands sont présents dans différentes manifestations locales et au Salon de l’Agriculture à Paris.</p>

<p>&nbsp; Animal méconnu et pourtant présent partout, il se fondait dans l’indifférence générale. &nbsp; Critiqué par les uns et compris par les autres, qui peut se vanter de n’avoir jamais employé le mot « âne&nbsp;» avec dérision. Les maîtres de nos écoles communales usaient du bonnet d’âne pour humilier leurs mauvais élèves et les désigner &hellip; </p>
<p class="link-more"><a href="https://ane-normand.fr/?page_id=9" class="more-link">Continuer la lecture<span class="screen-reader-text"> de &laquo;&nbsp;Présentation&nbsp;&raquo;</span></a></p>
